= -y**3 - q*y + 2 + 2*y**3 - 2*y + 4*y**2. Give b(-5).
-3
Let d(u) = -9*u**2 - 21*u - 7. Let a(y) = 7 - 5 - 3 - 10*y - 4*y**2 - 3. Let z(i) = -7*a(i) + 3*d(i). Determine z(-6).
1
Suppose -3 = 2*o + o + 3*d, 1 = 2*o - d. Let j(r) = -6 - 3 + o*r - r. What is j(0)?
-9
Let l = 6 + 0. Let t(y) = 5*y - 4*y**2 - 5 + 3*y**2 + 1 + y. Give t(l).
-4
Let q(m) = -m**3 - 5*m**2 + 8*m - 3. Let o(k) = k**2 + 13*k - 7. Let y be o(-15). Let c = y - 29. Give q(c).
-15
Let z(n) = -3*n**2 - 4*n + 5. Let c be z(-5). Let w be (1/(-2))/((-5)/c). Let m = 9 + w. Let t(s) = -s**2 + 3*s. Determine t(m).
-4
Let j(h) = -h - 12. Let k = 37 + -45. Determine j(k).
-4
Let y(v) = -7*v - 1. Let h(o) = -o**2 - 3*o + 2. Let q be h(-4). Let k be ((-5)/2 + 3)*q. Determine y(k).
6
Let x(p) = p - 4. Let t(q) = -q. Let d be 2/(-2 + (-5)/(-2)). Let o be (9/(-6))/((-3)/d). Let a(b) = o*t(b) + x(b). What is a(-5)?
1
Let h(i) = -i - 1. Let c(a) = 9*a. Let g(b) = 9*b - 1. Let s(p) = 4*c(p) - 3*g(p). Let q(f) = -2*h(f) - s(f). Calculate q(-1).
6
Let q(b) = b**2 - 2*b - 2. Let f(h) = 2*h + h**2 - 2*h**2 - 8*h. Let a be f(-5). Suppose a*x + 5*j = 5, -9 + 28 = 3*x - 5*j. Calculate q(x).
1
Let t = 4 + -3. Let s(k) = -5*k**3 - 1. Give s(t).
-6
Let y be (0 - -1)/(10/20). Let i(c) = -4 + 0*c**2 - 4*c**y + 5*c**2. Determine i(-3).
5
Let v(i) = -2*i + 1. Let c be 1/(-6) - 19/(-6). Give v(c).
-5
Suppose 4*x + 2*u + 0*u = 16, -u - 7 = -3*x. Let a(h) be the first derivative of -1 + 2*h - 3/2*h**2 + 1/4*h**4 + h**x. Give a(-4).
-2
Suppose -9 = -0*k - 3*k, -2*k = -m. Let l(j) = j**3 - 5*j**2 - 6*j + 1. Determine l(m).
1
Let u(q) be the third derivative of q**6/60 - q**5/20 + q**4/8 - q**3/2 - 10*q**2. Determine u(2).
7
Suppose -2 = -5*r + 8. Let f(m) = -2*m - 2. Give f(r).
-6
Let j(p) = -2*p + 5. Let k(f) = 10*f - 24. Let d(x) = 11*j(x) + 2*k(x). Give d(5).
-3
Let j(b) = -13*b**2. Let m(u) = -2*u**2 - 22*u - 1. Let l be m(-11). Give j(l).
-13
Suppose -9 = 3*q - 0*q. Let b = q - -4. Let j(i) = -4*i + 1. Give j(b).
-3
Let y(k) be the second derivative of k**6/90 + k**5/30 + k**4/12 + 5*k**3/6 + 4*k. Let j(v) be the second derivative of y(v). What is j(-2)?
10
Let o(w) = 3*w - 2*w - 9 + 5. Calculate o(7).
3
Let w(d) be the second derivative of -d**5/20 + d**4/4 - d**2/2 - 22*d. What is w(2)?
3
Let q(v) = 52*v - 27*v - 26*v + 3*v**2. Let l be (-1)/((-10)/4 + 2). Suppose 4*g = -l - 2. Calculate q(g).
4
Let p(t) = -t**3 - 2*t**2 + 2*t + 2. Let y(z) = z**2 - z. Let c be y(-1). Suppose -2*j - 16 = -4*h, -2*j + 5*h - 23 = c*j. Give p(j).
-2
Let b(i) = -i**2 + 10*i + 21. Let m be b(12). Let c(n) = -5*n. Give c(m).
15
Let j(y) be the first derivative of -y**3/3 + 2*y + 22. Give j(4).
-14
Let g = -205 - -210. Let b(q) be the second derivative of q**3/6 - 2*q**2 + 2*q. Determine b(g).
1
Let f be 3/(-9) + 16/3. Suppose -2*n = -5*n + 6. Let i(j) = -7 + 4 + 5*j**n - 4 - j**3 + 3*j. Give i(f).
8
Let v(j) = -j**2 + 6*j - 8. Let w be v(6). Let f(q) = -q**3 - 9*q**2 - 9*q - 9. Calculate f(w).
-1
Suppose -12 = 6*t - 9*t. Let j(v) = -7*v**2 - 3*v + 0 + 4*v**2 + t*v**2 - 4. Give j(5).
6
Let u(n) = -2*n**2 + 1. Suppose -3*b + 1 - 6 = 4*d, 10 = 4*b - 3*d. Let i be b/(-2 + (-5)/(-2)). Let g be (-4)/(-5) + i/10. Give u(g).
-1
Suppose -3*r - 4 = -13. Let c(l) = -1 - 2*l - r*l + 5*l - l. Calculate c(1).
-2
Let g(q) be the second derivative of q**5/120 + q**4/3 + q**3/3 + 2*q. Let x(k) be the second derivative of g(k). Determine x(-8).
0
Let o(v) = v. Let n(r) = -r. Let i(t) = -6*n(t) - 7*o(t). What is i(5)?
-5
Let y(d) = 4*d**2 - d - 1. Let w be -2*(15/18 + (-1)/3). Calculate y(w).
4
Let c(o) = o**3 - 11*o**2 - 13*o + 15. Let b be c(12). Let k(h) = -3*h**2 - 4*h - 8. Let j(d) = -d**2 - d - 1. Let p(x) = 4*j(x) - k(x). Determine p(b).
-5
Let l(s) = 4*s**2 - 2*s - 1. Suppose 2*r + 7*r = -9. Calculate l(r).
5
Let h = 50 - 54. Let b(x) = -1 - 1 - 2 - 2*x. Determine b(h).
4
Let k = 8 + -5. Let s(g) = -k*g**3 - 7*g**2 - 7*g - 1 + 2*g**3 + 2. What is s(-5)?
-14
Let z(v) = -2*v - 6. Let s be (-26)/(-4) + 13/(-26). Give z(s).
-18
Let w(i) = -i**3 - 4*i**2 + 8*i - 4. Let a(f) = -f**2 - 1. Let j(r) = -a(r) - w(r). What is j(-6)?
17
Let b(k) = k**2 - 12*k + 1. Let q(r) = r**2 - 11*r + 1. Let z(i) = 2*b(i) - 3*q(i). Calculate z(6).
17
Let w(z) = -z**3 - 6*z**2 + z + 1. Let p(t) = -t**2 + 5*t + 3. Let m be p(5). Suppose -m*c + c + 12 = 0. Suppose 2*n - n = -c. What is w(n)?
-5
Let y(p) = -p**3 + 6*p**2 + 5*p - 4. Let h(r) = r - 6. Let b be h(0). Let f(i) = i. Let s(o) = b*f(o) + y(o). Determine s(6).
-10
Let u(y) = y**2 + 21*y - 51. Let b be u(-23). Let z(s) = -s**3 - 6*s**2 - 3*s + 3. Give z(b).
-7
Suppose 5*n - n = 0, -2 = -v - n. Let d(r) = -3*r + 2*r + r - r**3 - 4*r + 6*r**v. Give d(5).
5
Suppose 4*w - 27 = -5*b, -w + b = -2*b - 11. Let k(u) = -11 + 11 + w*u. Let q(d) = d + 2. Let a be q(-3). Determine k(a).
-8
Let q(h) = h + 4. Let a be q(-5). Let o(r) = 4*r - 3 + 3. What is o(a)?
-4
Let q(i) = -2*i - 2. Let b(w) = w**2 + 7*w - 10. Let r be b(-8). Determine q(r).
2
Let n(r) = -4*r**3 + r + 1. Let x be n(-1). Let i(u) be the first derivative of -3*u**2/2 + 5*u + 1. Give i(x).
-7
Let u(k) = k + 0*k**3 + 1 - 2*k**3 - k**2 - 2*k**3. Suppose -5*d = -4*r - 62, -5*d - 7 = r - 2*d. Let a = 12 + r. What is u(a)?
3
Let y(u) = u + 11. Let a be y(-6). Let o(n) = -4 + 2*n + 0*n**2 + 4*n + n**2 - 2*n**2. Give o(a).
1
Let y = 11 - 5. Let l(i) = i**2 - 6*i - 2. Give l(y).
-2
Suppose 0 = -5*p - 4*n + 12, -2*n + 4 = p - 2. Suppose 2*b + b - 6 = p. Let f(o) = 2*o - 1. What is f(b)?
3
Let u(m) = 4*m**3 - m**2. Let n(l) = -l**3 - 5*l**2 + 6*l + 1. Let d be n(-6). Calculate u(d).
3
Let b(s) be the third derivative of -s**7/5040 + s**5/60 - 2*s**2. Let a(r) be the third derivative of b(r). Give a(-3).
3
Let c(y) = y**3 - y**2 + 2*y + 1. Let u(x) = 10 + 13 + x + x - 5. Let s be u(-8). Determine c(s).
9
Let s = -148 - -328. Suppose 5*y + 0*y + s = 2*j, -5*y = 0. Let a be (-4)/(-14) + j/(-21). Let g(w) = -w**3 - 3*w**2 + 6*w + 4. What is g(a)?
-4
Let q(g) = -552 - 2*g + 552. Determine q(-1).
2
Let h(v) = 2*v**3 + 3*v**2 - 8*v - 1. Let r(t) = 3*t**3 + 7*t**2 - 15*t - 2. Let q(j) = 5*h(j) - 3*r(j). Calculate q(4).
-11
Let c(a) = -a**3 - 4*a**2 - 3*a - 1. Let b be (-8)/(-24) - 40/(-6). Suppose 2*h - b = y, -y - 2*h = y + 2. Calculate c(y).
-1
Let b(r) be the first derivative of -r**3/3 - r**2 + 2*r - 6. Calculate b(-4).
-6
Let s = -8 - -4. Let q(d) be the first derivative of 1/3*d**3 + 3/2*d**2 + 2*d + 6. Determine q(s).
6
Suppose 3*c - 9 = -2*p, 5*c - 15 = 2*p - p. Let u be -3 - (p/(-3))/1. Let k(i) = -i**3 - i**2 + 4*i - 1. What is k(u)?
5
Let t(u) = -15*u**3 - u**2 + 2*u - 1. Let h = 14 + -13. Calculate t(h).
-15
Let s(n) be the third derivative of -n**6/120 - n**5/20 - n**4/24 - n**3/2 + 4*n**2. Give s(-3).
0
Let g be (-2)/2 + (-2 - -7). Let a(i) = -4*i + 5. Determine a(g).
-11
Let c(o) be the first derivative of o**2/2 - 5*o - 11. Give c(-4).
-9
Let r(t) be the third derivative of t**4/24 - t**3/2 - 26*t**2. Determine r(7).
4
Let c(z) be the third derivative of -z**6/120 - z**5/20 - z**4/8 - 7*z**2. Calculate c(-3).
9
Suppose 0 = -0*t - t - 4. Let q(x) be the second derivative of -x**4/12 - 4*x. Let o(v) = v**3 - 8*v**2 - 5*v - 6. Let a(c) = t*q(c) + o(c). Determine a(5).
-6
Let p = 14 + -16. Let x(f) = f**2 + f - 2. Let i(k) = -k**3 + k - 2. Let d(s) = 2*i(s) - 3*x(s). Determine d(p).
8
Let o = -3 - -6. Suppose o*i = -0*i - 12. Let t(u) = 2*u - 1. Let p(j) = 3*j - 1. Let q(g) = 4*p(g) - 5*t(g). Calculate q(i).
-7
Let c = -1 - -5. Let l(t) be the first derivative of 3 + 3*t + t**2 - 1/3*t**3. Determine l(c).
-5
Let i(d) = d**2 - d. Let q(l) = 3*l**2 + 3*l - 2. Let t(h) = -2*i(h) + q(h). Give t(-5).
-2
Let j(w) = 7*w**2 + 9*w - 2. Let k(l) = -4*l**2 - 5*l + 1. Let b(y) = 3*j(y) + 5*k(y). Let a(h) = -h**2 - 4*h + 2 + 6*h + 3. Let p be a(4). Calculate b(p).
2
Let k(o) be the second derivative of -o**4/12 - 5*o**3/6 + o**2/2 + 5*o. Determine k(-6).
-5
Let i = 2 - -2. Let f(l) = -l**2 + l - 1. Let y(c) = 5*c**2 - 2*c + 5. Let m(d) = -5*d - 1. Let u be m(1). Let v(s) = u*f(s) - y(s). Determine v(i).
1
Let l(k) = 20*k**3 - 5*k**2 - 2*k + 1. Let m(c) = c**3 - c**2. Let y(o) = l(o) - 6*m(o). Calculate y(1).
14
Let p(r) = -2*r**2 + 8*r + 2. Let o be p(4). Let d = 3 - 0.